-12120
In base 16, what is -885 - 4?
-889
In base 5, what is -14 - 33424?
-33443
In base 10, what is 1250 + -4?
1246
In base 4, what is 123 - 10131?
-10002
In base 3, what is 121210 - -1?
121211
In base 3, what is -122 - -11?
-111
In base 15, what is -1e - 1e?
-3d
In base 14, what is 32 - -1d?
51
In base 4, what is 2 + -22311?
-22303
In base 5, what is 114422 - -4?
114431
In base 14, what is -17 - -4?
-13
In base 5, what is 0 - -130?
130
In base 12, what is 142b + -2?
1429
In base 5, what is -20 - -3?
-12
In base 13, what is -7b7 + 0?
-7b7
In base 6, what is -105 - -11?
-54
In base 9, what is -201 - 3?
-204
In base 15, what is 97e + 0?
97e
In base 5, what is 10041 - 0?
10041
In base 10, what is 411 - -4?
415
In base 13, what is 2 - 558?
-556
In base 11, what is 1505 - -1?
1506
In base 13, what is -5 - -115?
110
In base 7, what is 6 + 265?
304
In base 8, what is -4267 - 6?
-4275
In base 5, what is -10 - -102100?
102040
In base 10, what is -4 - 412?
-416
In base 10, what is -4 - 66?
-70
In base 6, what is 13 + -420?
-403
In base 16, what is -e5 + -1?
-e6
In base 2, what is 100011 + 100?
100111
In base 14, what is -279 - -5?
-274
In base 14, what is d1d - -3?
d22
In base 13, what is -45 + 16?
-2c
In base 4, what is -11 - 10011?
-10022
In base 16, what is 0 + f?
f
In base 14, what is 4 + -11c7?
-11c3
In base 8, what is 43 - 105?
-42
In base 4, what is -31 - 33?
-130
In base 14, what is 11 + -8b?
-7a
In base 14, what is -2d + 5?
-28
In base 10, what is -4 - -145?
141
In base 6, what is 12 + 54?
110
In base 3, what is -12 + -11201000?
-11201012
In base 16, what is -2ca7 + 2?
-2ca5
In base 15, what is 39a - 4?
396
In base 8, what is -5 + -206?
-213
In base 4, what is 131 + -2312?
-2121
In base 11, what is 19a6 + 3?
19a9
In base 11, what is 15 - -237?
251
In base 6, what is 1252 + 45?
1341
In base 3, what is -1010 + -1010?
-2020
In base 4, what is -10220221 + -3?
-10220230
In base 3, what is 101 + 1020?
1121
In base 16, what is -4 + a62?
a5e
In base 9, what is 103 - -7?
111
In base 5, what is 1012 + 313?
1330
In base 15, what is -2 + 108?
106
In base 9, what is 56 - 27?
28
In base 11, what is -26 + -31?
-57
In base 16, what is -27c + -3?
-27f
In base 7, what is 5 - 16?
-11
In base 8, what is -165 + 4?
-161
In base 10, what is -725 + -1?
-726
In base 10, what is 2 - -201?
203
In base 5, what is 20 + -103?
-33
In base 3, what is 12212 + -101?
12111
In base 5, what is -2 - 110?
-112
In base 16, what is 5 + -5d2?
-5cd
In base 5, what is -3 - 40?
-43
In base 10, what is 43 + 134?
177
In base 8, what is -3270 + 4?
-3264
In base 2, what is 1101 - 11?
1010
In base 16, what is 1a - -3?
1d
In base 7, what is -414 + 0?
-414
In base 16, what is 0 - 23?
-23
In base 5, what is 1 - 10401?
-10400
In base 7, what is -1014 + 4?
-1010
In base 8, what is 4 - 112?
-106
In base 12, what is 0 + -74?
-74
In base 15, what is 4317 - -5?
431c
In base 15, what is 5 - -22?
27
In base 2, what is -101 - -101001010?
101000101
In base 5, what is -14 + -402?
-421
In base 14, what is -173 - -4?
-16d
In base 16, what is -44 - 46?
-8a
In base 11, what is 1 - -1133?
1134
In base 11, what is 4 - -15?
19
In base 5, what is 24301 - 10?
24241
In base 9, what is 0 + -312?
-312
In base 11, what is 4 + -63a?
-636
In base 14, what is -b + 4?
-7
In base 12, what is -194 + -9?
-1a1
In base 4, what is 10021 - -12?
10033
In base 5, what is 3 - 142?
-134
In base 16, what is -d - -3?
-a
In base 16, what is 1 - -130?
131
In base 4, what is 10 + -2100?
-2030
In base 15, what is -3157 - 0?
-3157
In base 12, what is -29 - -33?
6
In base 6, what is -133 - -30?
-103
In base 13, what is 4 + 52?
56
In base 15, what is -5732 - 1?
-5733
In base 4, what is -3 - -21?
12
In base 14, what is 29 - -5d?
88
In base 2, what is 10100 - -101110011?
110000111
In base 6, what is 11 - -23310?
23321
In base 5, what is 2 - 302?
-300
In base 6, what is -1 + 541?
540
In base 7, what is -4 - -10335?
10331
In base 2, what is 11000011010 - -11?
11000011101
In base 11, what is -4 - -2?
-2
In base 10, what is -5 + 89?
84
In base 11, what is -11 - 9?
-1a
In base 14, what is 4 - -22c?
232
In base 2, what is 111000111 + 11011?
111100010
In base 12, what is 179 + -5?
174
In base 6, what is 12 - 115?
-103
In base 9, what is -41 - 18?
-60
In base 9, what is 16 + 3?
20
In base 16, what is 0 - 867?
-867
In base 6, what is 1323 - 40?
1243
In base 2, what is 11001101 - 101?
11001000
In base 9, what is -25 + -3?
-28
In base 11, what is -30 - 2a?
-5a
In base 6, what is 413 + -2?
411
In base 2, what is -10111011100 - -100?
-10111011000
In base 13, what is 8c - 2?
8a
In base 8, what is 1235 - -16?
1253
In base 2, what is -10 + 10010110?
10010100
In base 4, what is 2 + 330031?
330033
In base 6, what is 40552 - -5?
41001
In base 15, what is b + a5?
b1
In base 6, what is -1445 + 2?
-1443
In base 13, what is 3 - -bb?
c1
In base 11, what is -21 - 9a?
-110
In base 12, what is -b8 + 0?
-b8
In base 15, what is -3 + -b2?
-b5
In base 6, what is -1 + -45?
-50
In base 3, what is 110211 - 12?
110122
In base 10, what is 32 + 4?
36
In base 8, what is -20 + 7?
-11
In base 6, what is 4 - -225?
233
In base 4, what is -1 - 333?
-1000
In base 11, what is -111 + -4?
-115
In base 16, what is 75c - 4?
758
In base 4, what is -11332 - 211?
-12203
In base 13, what is -168 + 3?
-165
In base 11, what is -38 + 1?
-37
In base 2, what is -110111111 + -10?
-111000001
In base 9, what is 2 - 620?
-617
In base 3, what is 1020 + 212020?
220110
In base 3, what is 1211000 + -2?
1210221
In base 9, what is 0 + -751?
-751
In base 7, what is -103 - 2?
-105
In base 12, what is 529 + 0?
529
In base 5, what is -30120 - 12?
-30132
In base 15, what is 1 + 522?
523
In base 2, what is -11101100 - 0?
-11101100
In base 4, what is -3 + 301?
232
In base 6, what is 245 + -25?
220
In base 7, what is 3 + -10?
-4
In base 5, what is -20420 + -121?
-21041
In base 9, what is 40 + 0?
40
In base 16, what is -90 + 7?
-89
In base 13, what is -4 - -15c5?
15c1
In base 8, what is -312 + 5?
-305
In base 8, what is -533 - 4?
-537
In base 8, what is 10 + 7?
17
In base 6, what is -145 - -2?
-143
In base 5, what is 2 - -3300?
3302
In base 6, what is -20115 + -5?
-20124
In base 4, what is -211 + 3?
-202
In base 3, what is -201101 - 0?
-201101
In base 9, what is 822 + -5?
816
In base 13, what is -8 + -2?
-a
In base 9, what is -1106 + 7?
-1088
In base 4, what is 11211 - -3?
11220
In base 10, what is 4 - 757?
-753
In base 8, what is 627 - -1?
630
In base 12, what is -18 - 3?
-1b
In base 2, what is 1011001111 + -10100?
1010111011
In base 7, what is -403 + -15?
-421
In base 16, what is 1e6 + -5?
1e1
In base 4, what is -211033 + 1?
-211032
In base 5, what is -34 + 1020?
431
In base 3, what is -1 + 110?
102
In base 9, what is -4652 - 4?
-4656
In base 10, what is 2 - 583?
-581
In base 12, what is -18 + -2?
-1a
In base 10, what is 5641 + -2?
5639
In base 12, what is -24b6 + 1?
-24b5
In base 9, what is 2 - -133?
135
In base 2, what is 100 + -10111?
-10011
In base 6, what is -243 - 0?
-243
In base 16, what is e4 - -1?
e5
In base 2, what is 100 - 1100100101?
-1100100001
In base 6, what is 30 - -150?
220
In base 11, what is -8 + -207?
-214
In base 12, what is -1a - 3?
-21
In base 3, what is -112010 - -100?
-111210
In base 10, what is 1675 - 5?
1670
In base 13, what is 5 + -6c?
-67
In base 15, what is -1 - cc?
-cd
In base 3, what is 20 - 21001?
-20211
In base 4, what is 33 - 201?
-102
In base 6, what is 2 + 1045?
1051
In base 16, what is 612 - 2?
610
In base 11, what is 587 - -2?
589
In base 6, what is -103 - 355?
-502
In base 8, what is 40400 - -3?
40403
In base 9, what is -22 - -5?
-16
In base 4, what is -10 - -201?
131
In base 7, what is 6242 + 5?
6250
In base 9, what is -11786 - 0?
-11786
In base 14, what is 4 + -951?
-94b
In base 15, what is -88a + 4?
-886
In base 12, what is 2 - -a65?
a67
In base 8, what is -4 + 4173?
4167
In base 5, what is -10 - 1114?
-1124
In base 9, what is -540 + 5?
-534
In base 9, what is -30 + 31?
1
In base 10, what is 4 - -783?
787
In base 4, what is 12 + 2112?
2130
In base 14, what is -1b1 - -1?
-1b0
In base 3, what is -221 - 101110?
-102101
In base 12, what is a + -95?
-87
In base 14, what is 9 - 5?
4
In base 5, what is 2033442 + -10?
2033432
In base 5, what is -1312 - 200?
-2012
In base 14, wha